73.
268
What is the remainder when 6805 is divided by 440?
205
What is the remainder when 10987 is divided by 5491?
5
What is the remainder when 3514 is divided by 503?
496
Calculate the remainder when 87844 is divided by 8784.
4
Calculate the remainder when 32166 is divided by 715.
706
What is the remainder when 15727 is divided by 3141?
22
What is the remainder when 80563 is divided by 395?
378
What is the remainder when 748601 is divided by 15?
11
Calculate the remainder when 2563 is divided by 24.
19
What is the remainder when 77995 is divided by 973?
155
What is the remainder when 1142096 is divided by 169?
163
What is the remainder when 2352 is divided by 2332?
20
What is the remainder when 134131 is divided by 3831?
46
What is the remainder when 3733 is divided by 24?
13
Calculate the remainder when 20697 is divided by 30.
27
Calculate the remainder when 78268 is divided by 78019.
249
Calculate the remainder when 18893 is divided by 594.
479
Calculate the remainder when 11849 is divided by 3906.
131
What is the remainder when 190486 is divided by 95235?
16
Calculate the remainder when 1022778 is divided by 11.
9
What is the remainder when 157999 is divided by 52661?
16
Calculate the remainder when 57634 is divided by 57623.
11
Calculate the remainder when 720324 is divided by 56.
52
What is the remainder when 4313 is divided by 4111?
202
Calculate the remainder when 3375 is divided by 5.
0
Calculate the remainder when 15936 is divided by 115.
66
What is the remainder when 328514 is divided by 430?
424
Calculate the remainder when 17221 is divided by 53.
49
Calculate the remainder when 2837438 is divided by 32.
30
Calculate the remainder when 3160166 is divided by 730.
726
Calculate the remainder when 73391 is divided by 32.
15
What is the remainder when 7070 is divided by 1405?
45
What is the remainder when 781648 is divided by 156329?
3
What is the remainder when 69917 is divided by 457?
453
What is the remainder when 70708 is divided by 142?
134
What is the remainder when 50620 is divided by 16?
12
What is the remainder when 88917 is divided by 90?
87
What is the remainder when 1329 is divided by 291?
165
What is the remainder when 128001 is divided by 640?
1
Calculate the remainder when 14536345 is divided by 47.
44
Calculate the remainder when 796 is divided by 412.
384
Calculate the remainder when 1208 is divided by 588.
32
What is the remainder when 937097 is divided by 703?
701
Calculate the remainder when 1269 is divided by 63.
9
Calculate the remainder when 243602 is divided by 6.
2
What is the remainder when 2611 is divided by 403?
193
Calculate the remainder when 311060 is divided by 156.
152
What is the remainder when 25157 is divided by 12568?
21
What is the remainder when 655610 is divided by 11?
10
What is the remainder when 1806 is divided by 1069?
737
Calculate the remainder when 6856 is divided by 1367.
21
What is the remainder when 15572 is divided by 29?
28
Calculate the remainder when 198919 is divided by 22101.
10
Calculate the remainder when 11714 is divided by 49.
3
Calculate the remainder when 9150 is divided by 231.
141
What is the remainder when 23409 is divided by 7697?
318
What is the remainder when 19632 is divided by 165?
162
Calculate the remainder when 7604 is divided by 522.
296
What is the remainder when 263774 is divided by 23979?
5
What is the remainder when 4296 is divided by 226?
2
What is the remainder when 12253 is divided by 303?
133
Calculate the remainder when 6747 is divided by 30.
27
What is the remainder when 2965 is divided by 589?
20
Calculate the remainder when 65781 is divided by 120.
21
Calculate the remainder when 469990 is divided by 24.
22
What is the remainder when 661 is divided by 213?
22
What is the remainder when 8414 is divided by 2101?
10
What is the remainder when 248946 is divided by 116?
10
What is the remainder when 148751 is divided by 2220?
11
What is the remainder when 74517 is divided by 24?
21
What is the remainder when 2683 is divided by 749?
436
What is the remainder when 2846 is divided by 798?
452
What is the remainder when 659245 is divided by 219748?
1
Calculate the remainder when 19837 is divided by 6591.
64
Calculate the remainder when 14990 is divided by 714.
710
Calculate the remainder when 10792 is divided by 415.
2
What is the remainder when 10135 is divided by 157?
87
Calculate the remainder when 133220 is divided by 42.
38
Calculate the remainder when 7849 is divided by 18.
1
What is the remainder when 2714 is divided by 58?
46
Calculate the remainder when 421511 is divided by 78.
77
Calculate the remainder when 292 is divided by 48.
4
What is the remainder when 76903 is divided by 134?
121
Calculate the remainder when 3338 is divided by 18.
8
Calculate the remainder when 377133 is divided by 648.
645
Calculate the remainder when 1101 is divided by 85.
81
What is the remainder when 1027498 is divided by 1250?
1248
What is the remainder when 140643 is divided by 50?
43
Calculate the remainder when 2563 is divided by 135.
133
What is the remainder when 497946 is divided by 39?
33
What is the remainder when 98996 is divided by 571?
213
What is the remainder when 33412 is divided by 116?
4
What is the remainder when 16746 is divided by 53?
51
Calculate the remainder when 3256329 is divided by 89.
86
What is the remainder when 140007 is divided by 296?
295
What is the remainder when 8554 is divided by 2848?
10
Calculate the remainder when 699 is divided by 635.
64
Calculate the remainder when 3020 is divided by 1276.
468
Calculate the remainder when 2946 is divided by 1470.
6
Calculate the remainder when 125102 is divided by 20850.
2
What is the remainder when 11827 is divided by 612?
199
Calculate the remainder when 228 is divided by 72.
12
Calculate the remainder when 69674 is divided by 81.
14
What is the remainder when 13693 is divided by 62?
53
What is the remainder when 151039 is divided by 82?
77
What is the remainder when 2511 is divided by 978?
555
Calculate the remainder when 15810 is divided by 2635.
0
Calculate the remainder when 4342 is divided by 48.
22
What is the remainder when 4748 is divided by 2302?
144
Calculate the remainder when 4299 is divided by 73.
65
What is the remainder when 18794 is divided by 482?
478
Calculate the remainder when 175562 is divided by 9240.
2
What is the remainder when 81313 is divided by 45?
43
Calculate the remainder when 34078 is divided by 23.
15
Calculate the remainder when 36477 is divided by 1140.
1137
What is the remainder when 12120 is divided by 617?
397
What is the remainder when 447 is divided by 240?
207
What is the remainder when 5468 is divided by 161?
155
What is the remainder when 226682 is divided by 113321?
40
What is the remainder when 4307 is divided by 790?
357
What is the remainder when 44477 is divided by 1111?
37
Calculate the remainder when 4326 is divided by 1328.
342
What is the remainder when 156578 is divided by 18?
14
Calculate the remainder when 159000 is divided by 127.
123
What is the remainder when 9046 is divided by 431?
426
What is the remainder when 8148 is divided by 2710?
18
Calculate the remainder when 216828 is divided by 64.
60
Calculate the remainder when 118154 is divided by 218.
216
Calculate the remainder when 451 is divided by 253.
198
Calculate the remainder when 151802 is divided by 26.
14
Calculate the remainder when 6751 is divided by 218.
211
Calculate the remainder when 2781 is divided by 1365.
51
Calculate the remainder when 224 is divided by 224.
0
Calculate the remainder when 36018 is divided by 20.
18
Calculate the remainder when 2736 is divided by 227.
12
Calculate the remainder when 8772 is divided by 1738.
82
What is the remainder when 24971 is divided by 23?
16
What is the remainder when 2736 is divided by 45?
36
Calculate the remainder when 113759 is divided by 68.
63
What is the remainder when 5584 is divided by 138?
64
What is the remainder when 111958 is divided by 27985?
18
Calculate the remainder when 209468 is divided by 5.
3
Calculate the remainder when 1134 is divided by 217.
49
Calculate the remainder when 32155 is divided by 234.
97
Calculate the remainder when 21654 is divided by 189.
108
Calculate the remainder when 983 is divided by 